In base 16, what is 182 - -18?
19a
In base 10, what is 5 + 44?
49
In base 7, what is 11 - 22?
-11
In base 6, what is -30 + 324?
254
In base 9, what is 31 - 115?
-74
In base 16, what is 12b - -7?
132
In base 16, what is -43f + -4?
-443
In base 3, what is 11 + 10020?
10101
In base 16, what is -4f5 + -f?
-504
In base 8, what is 3 - -4240?
4243
In base 13, what is -273 - -7?
-269
In base 4, what is 2220 + -3?
2211
In base 9, what is 117 - -4?
122
In base 3, what is 1202101 + -22?
1202002
In base 3, what is 10 - 12210?
-12200
In base 3, what is -101 - -1110?
1002
In base 9, what is -4 - 41?
-45
In base 8, what is 0 - -3460?
3460
In base 2, what is 10 - -100011?
100101
In base 3, what is -12 + -12020202?
-12020221
In base 7, what is -431 + -3?
-434
In base 2, what is -1101 - 10?
-1111
In base 10, what is 804 + -1?
803
In base 12, what is ab0 - 0?
ab0
In base 3, what is 221 - 0?
221
In base 5, what is -204211 + 2?
-204204
In base 16, what is 7 + 16?
1d
In base 8, what is 33724 - 1?
33723
In base 13, what is -b - -14?
6
In base 9, what is 2 + -3?
-1
In base 8, what is -3 + -345?
-350
In base 5, what is -20 + 1203?
1133
In base 4, what is 3012120 - -11?
3012131
In base 7, what is -1 - 562?
-563
In base 7, what is -2 + -126?
-131
In base 16, what is -66 + -a?
-70
In base 7, what is 5 + 145?
153
In base 12, what is 4 - 104?
-100
In base 6, what is -5 + -1132?
-1141
In base 14, what is 12 - 23?
-11
In base 14, what is 9 + -50?
-45
In base 16, what is -3 + 2?
-1
In base 10, what is -11 + -50?
-61
In base 9, what is 0 + 16?
16
In base 10, what is 147 + 4?
151
In base 14, what is 18 - 1c1?
-1a7
In base 12, what is 3384 - 4?
3380
In base 7, what is 2652 - -14?
2666
In base 16, what is 3 - 12a7?
-12a4
In base 8, what is -442 + -4?
-446
In base 12, what is 568 + -4?
564
In base 14, what is -77c + 3?
-779
In base 14, what is c53 - 0?
c53
In base 16, what is -d8 + -4b?
-123
In base 13, what is -226b + 2?
-2269
In base 7, what is 1404 + -3?
1401
In base 11, what is 225 + -4?
221
In base 13, what is 0 - -157?
157
In base 5, what is 131312 - 10?
131302
In base 13, what is c + -13?
-4
In base 12, what is -20 + 4?
-18
In base 8, what is 5 - -432?
437
In base 16, what is 1 - 13?
-12
In base 7, what is 1162 + 0?
1162
In base 5, what is -10 - 40234?
-40244
In base 4, what is 3202 + 1?
3203
In base 6, what is -4 - -1132?
1124
In base 13, what is -4a + 1c?
-2b
In base 14, what is 9a - -2?
9c
In base 2, what is 101010 + -10?
101000
In base 8, what is -4 - -12477?
12473
In base 3, what is -1211000 + -210?
-1211210
In base 2, what is 101010 - -101?
101111
In base 8, what is 65 + 24?
111
In base 13, what is 86 - 5c?
27
In base 10, what is 4 + -700?
-696
In base 2, what is 110 - 11101000?
-11100010
In base 6, what is -3 + 1024?
1021
In base 8, what is 551 + -2?
547
In base 6, what is -1 + -10422?
-10423
In base 13, what is -1898 - -2?
-1896
In base 7, what is -14214 - -4?
-14210
In base 8, what is -22 + -40?
-62
In base 10, what is -5096 + 1?
-5095
In base 8, what is -1 - -37?
36
In base 11, what is -10235 + 1?
-10234
In base 4, what is 3 - 3011?
-3002
In base 2, what is 1101 - 100000?
-10011
In base 3, what is -1211 + -1022?
-10010
In base 2, what is -1000010010 - 1?
-1000010011
In base 14, what is a9 + -4?
a5
In base 9, what is -215 + -7?
-223
In base 16, what is 3 - f?
-c
In base 9, what is -6 - 388?
-405
In base 14, what is -17 - -3?
-14
In base 14, what is 1c - -9?
27
In base 6, what is 252 + -11?
241
In base 13, what is -5 - c6?
-cb
In base 12, what is 465 + -4?
461
In base 7, what is -5 - -15055?
15050
In base 14, what is -1 + 1bb3?
1bb2
In base 10, what is -7 - -11?
4
In base 9, what is -706 + 24?
-672
In base 9, what is 6 - -655?
662
In base 5, what is 114 - 32?
32
In base 10, what is -32 - -2?
-30
In base 2, what is -1100010 - -10?
-1100000
In base 14, what is 0 + 49c?
49c
In base 3, what is -10112221 + -1?
-10112222
In base 16, what is -4e - -1?
-4d
In base 9, what is 5 - 75?
-70
In base 9, what is 85 + 45?
141
In base 5, what is 313120 + -4?
313111
In base 6, what is 153 - 21?
132
In base 2, what is 111 + -1101100?
-1100101
In base 15, what is -2b - -2b?
0
In base 7, what is -150 + -2?
-152
In base 4, what is -3331 + -10?
-10001
In base 12, what is -30a + 2?
-308
In base 5, what is 341 + 10?
401
In base 3, what is -112102 - 0?
-112102
In base 3, what is 0 - 21010?
-21010
In base 10, what is 382 - -4?
386
In base 2, what is -10110101 + 11?
-10110010
In base 5, what is -30 + 31?
1
In base 9, what is 0 + 782?
782
In base 9, what is 13 - -5867?
5881
In base 2, what is -11 - -1001?
110
In base 9, what is 5 - 51?
-45
In base 2, what is -111111111011 + 1?
-111111111010
In base 10, what is -49 + -1?
-50
In base 4, what is -13 + -102?
-121
In base 15, what is -129 - 8?
-132
In base 12, what is 9 - 320?
-313
In base 7, what is -3 + 101?
65
In base 3, what is -11 - 1102?
-1120
In base 12, what is 5 + -319?
-314
In base 4, what is -103222 + 0?
-103222
In base 8, what is -7 + -105?
-114
In base 4, what is 112 - -22031?
22203
In base 14, what is 30cc - 2?
30ca
In base 5, what is -10 + 104?
44
In base 15, what is 22 + 9?
2b
In base 15, what is -5 - -218?
213
In base 4, what is 233022 + 11?
233033
In base 15, what is 0 + -89?
-89
In base 4, what is -13 + -300?
-313
In base 3, what is -12 - -22012?
22000
In base 6, what is -3050 + 2?
-3044
In base 3, what is -10 - -10021?
10011
In base 8, what is -1003 - -3?
-1000
In base 6, what is -3 + 23?
20
In base 3, what is 12 + -100112?
-100100
In base 9, what is 10101 - -3?
10104
In base 9, what is -17 + 1?
-16
In base 5, what is 22112 - 2?
22110
In base 14, what is 2 - 1a7?
-1a5
In base 4, what is -11211 + 31?
-11120
In base 16, what is -d87 + -1?
-d88
In base 3, what is -2 - 200?
-202
In base 9, what is -147 + -5?
-153
In base 7, what is 6226 + 5?
6234
In base 7, what is 6166 - 5?
6161
In base 16, what is -16e - -4?
-16a
In base 14, what is -5 + -6a?
-71
In base 12, what is 0 + -3a?
-3a
In base 4, what is 11 + 2?
13
In base 8, what is 2570 - 5?
2563
In base 14, what is -4 + -3d1?
-3d5
In base 5, what is 10 - -1242?
1302
In base 9, what is -3 + 1082?
1078
In base 15, what is 58 + -5?
53
In base 12, what is -1 + -171?
-172
In base 16, what is -1973 + -5?
-1978
In base 5, what is 10 - -133?
143
In base 13, what is 4 - -37?
3b
In base 5, what is -1 - -2214?
2213
In base 16, what is 17b + 0?
17b
In base 9, what is -5 + 3028?
3023
In base 10, what is -666 - -4?
-662
In base 4, what is -2103 + -21?
-2130
In base 11, what is 1a5 - -22?
217
In base 4, what is -2 - 20023?
-20031
In base 5, what is -4 + -141?
-200
In base 11, what is 605 - -5?
60a
In base 9, what is 31 + -6?
24
In base 6, what is -10 + 3?
-3
In base 9, what is -6160 + -3?
-6163
In base 6, what is -5 - 2441?
-2450
In base 2, what is -1010100 + 10110?
-111110
In base 14, what is 1 + b8?
b9
In base 7, what is 141 + 1?
142
In base 4, what is -13322 - -2?
-13320
In base 4, what is -10012 + 303?
-3103
In base 4, what is 22 - 2?
20
In base 7, what is 2335 + 5?
2343
In base 4, what is 12301 + 3?
12310
In base 8, what is 3 + -4713?
-4710
In base 14, what is -1 + 42?
41
In base 2, what is -1000101111 + 100?
-1000101011
In base 2, what is -100 - -10101011?
10100111
In base 3, what is 10 + -2201?
-2121
In base 6, what is -2 - -141?
135
In base 8, what is 317 - 1?
316
In base 2, what is 10110 + 100101?
111011
In base 10, what is 78 + -1?
77
In base 13, what is 185 - -1?
186
In base 8, what is 44 - -5?
51
In base 10, what is 1227 - 2?
1225
In base 11, what is -a - 2?
-11
In base 15, what is -44 - 12a?
-16e
In base 15, what is -1b + 1a?
-1
In base 15, what is -1 + -10?
-11
In base 5, what is -341 + 140?
-201
In base 9, what is 17 - 10?
7
In base 2, what is 10000001000 + 1?
10000001001
In base 11, what is -7 + 19?
12
In base 13, what is -4 - -5a?
56
In base 8, what is -143 + 2?
-141
In base 5, what is 101 - 3340?
-3234
In base 14, what is 2 - -16?
18
In base 4, what is 11 - -303222?
303233
In base 14, what is d + 8?
17
In base 12, what is -357 + 3?
-354
In base 4, what is 110 + -20303?
-20133
In base 7, what is -24 - -1056?
1032
In base 12, what is -18 - 8?
-24
In base 6, what is -4 - 135?
-143
In base 16, what is 3 - -d46?
d49
In base 10, what is 70 - 312?
-242
In base 3, what is -200 - 11?
-2